e tens digit of 609127?
2
What is the units digit of 359341?
1
What is the tens digit of 3304639?
3
What is the thousands digit of 1021815?
1
What is the ten thousands digit of 403146?
0
What is the thousands digit of 16804575?
4
What is the ten thousands digit of 4466923?
6
What is the ten thousands digit of 521288?
2
What is the hundreds digit of 227044?
0
What is the tens digit of 4492889?
8
What is the hundreds digit of 6192181?
1
What is the ten thousands digit of 11960937?
6
What is the units digit of 1197821?
1
What is the ten thousands digit of 1269382?
6
What is the thousands digit of 1488806?
8
What is the hundred thousands digit of 793646?
7
What is the units digit of 689605?
5
What is the millions digit of 12182851?
2
What is the ten thousands digit of 1041921?
4
What is the thousands digit of 2411014?
1
What is the thousands digit of 14202?
4
What is the units digit of 2619809?
9
What is the hundred thousands digit of 4426351?
4
What is the tens digit of 4357643?
4
What is the units digit of 669599?
9
What is the thousands digit of 324790?
4
What is the hundreds digit of 17300749?
7
What is the hundreds digit of 336830?
8
What is the units digit of 2109091?
1
What is the units digit of 6757147?
7
What is the hundreds digit of 594584?
5
What is the units digit of 198209?
9
What is the tens digit of 1166205?
0
What is the hundred thousands digit of 3610108?
6
What is the ten thousands digit of 587325?
8
What is the hundred thousands digit of 17531271?
5
What is the hundreds digit of 1144492?
4
What is the thousands digit of 3644152?
4
What is the thousands digit of 183765?
3
What is the units digit of 104372?
2
What is the tens digit of 179654?
5
What is the units digit of 1713154?
4
What is the thousands digit of 141792?
1
What is the ten thousands digit of 72149?
7
What is the ten thousands digit of 9730772?
3
What is the hundred thousands digit of 371403?
3
What is the units digit of 961836?
6
What is the hundred thousands digit of 114181?
1
What is the tens digit of 751868?
6
What is the millions digit of 1347475?
1
What is the tens digit of 3665841?
4
What is the tens digit of 455529?
2
What is the hundred thousands digit of 14505487?
5
What is the millions digit of 3181335?
3
What is the units digit of 12251293?
3
What is the units digit of 7352527?
7
What is the thousands digit of 22933772?
3
What is the ten thousands digit of 8115069?
1
What is the tens digit of 426565?
6
What is the hundreds digit of 2551687?
6
What is the ten thousands digit of 2931165?
3
What is the units digit of 18706?
6
What is the tens digit of 67992?
9
What is the units digit of 386294?
4
What is the thousands digit of 1541990?
1
What is the ten thousands digit of 3026661?
2
What is the thousands digit of 577515?
7
What is the hundreds digit of 20911?
9
What is the tens digit of 55433?
3
What is the ten thousands digit of 162924?
6
What is the units digit of 184764?
4
What is the units digit of 458974?
4
What is the thousands digit of 7142506?
2
What is the units digit of 3137690?
0
What is the ten thousands digit of 1842009?
4
What is the ten thousands digit of 225389?
2
What is the ten thousands digit of 1160170?
6
What is the hundreds digit of 198865?
8
What is the ten thousands digit of 1390385?
9
What is the units digit of 31323468?
8
What is the millions digit of 5147680?
5
What is the ten thousands digit of 343578?
4
What is the ten thousands digit of 758779?
5
What is the hundred thousands digit of 2911586?
9
What is the ten thousands digit of 2141148?
4
What is the hundreds digit of 1186018?
0
What is the hundred thousands digit of 21076230?
0
What is the units digit of 1943603?
3
What is the thousands digit of 942176?
2
What is the tens digit of 13443653?
5
What is the hundreds digit of 8918753?
7
What is the tens digit of 7046756?
5
What is the hundreds digit of 254135?
1
What is the hundred thousands digit of 2057214?
0
What is the units digit of 17424014?
4
What is the hundreds digit of 7090592?
5
What is the thousands digit of 3778?
3
What is the hundreds digit of 1234583?
5
What is the units digit of 11834788?
8
What is the tens digit of 517139?
3
What is the units digit of 11647?
7
What is the ten thousands digit of 8562083?
6
What is the tens digit of 1041792?
9
What is the tens digit of 200523?
2
What is the ten thousands digit of 1869296?
6
What is the thousands digit of 11176645?
6
What is the hundreds digit of 715786?
7
What is the thousands digit of 29888?
9
What is the units digit of 970231?
1
What is the hundred thousands digit of 762203?
7
What is the tens digit of 6020896?
9
What is the ten thousands digit of 597359?
9
What is the thousands digit of 452171?
2
What is the ten thousands digit of 242557?
4
What is the hundreds digit of 1998323?
3
What is the ten thousands digit of 15864978?
6
What is the millions digit of 1657524?
1
What is the units digit of 14261118?
8
What is the hundreds digit of 145932?
9
What is the hundred thousands digit of 275743?
2
What is the millions digit of 28223285?
8
What is the hundred thousands digit of 38850687?
8
What is the ten thousands digit of 3833127?
3
What is the tens digit of 179240?
4
What is the units digit of 2779868?
8
What is the ten thousands digit of 570051?
7
What is the thousands digit of 401382?
1
What is the ten thousands digit of 94098?
9
What is the ten thousands digit of 9053407?
5
What is the millions digit of 1217896?
1
What is the thousands digit of 1031450?
1
What is the tens digit of 224711?
1
What is the ten thousands digit of 43695?
4
What is the ten thousands digit of 17309411?
0
What is the tens digit of 9286409?
0
What is the ten thousands digit of 2910072?
1
What is the hundreds digit of 164234?
2
What is the hundred thousands digit of 266766?
2
What is the units digit of 544875?
5
What is the tens digit of 111524?
2
What is the hundreds digit of 627522?
5
What is the ten thousands digit of 206755?
0
What is the units digit of 78567?
7
What is the tens digit of 8728171?
7
What is the units digit of 19145104?
4
What is the hundreds digit of 190542?
5
What is the ten thousands digit of 86497?
8
What is the units digit of 435144?
4
What is the units digit of 83941?
1
What is the tens digit of 7072603?
0
What is the ten thousands digit of 513957?
1
What is the tens digit of 183790?
9
What is the ten thousands digit of 2449425?
4
What is the thousands digit of 320377?
0
What is the hundreds digit of 343055?
0
What is the thousands digit of 14715149?
5
What is the tens digit of 488556?
5
What is the tens digit of 147289?
8
What is the thousands digit of 5492966?
2
What is the hundreds digit of 6926108?
1
What is the units digit of 25155495?
5
What is the ten thousands digit of 1057762?
5
What is the millions digit of 3739093?
3
What is the units digit of 824266?
6
What is the tens digit of 775234?
3
What is the ten thousands digit of 22744928?
4
What is the tens digit of 341336?
3
What is the thousands digit of 5670098?
0
What is the hundred thousands digit of 640412?
6
What is the ten thousands digit of 1768226?
6
What is the thousands digit of 233712?
3
What is the tens digit of 242326?
2
What is the hundreds digit of 656356?
3
What is the thousands digit of 61711?
1
What is the millions digit of 4313802?
4
What is the hundred thousands digit of 1577308?
5
What is the ten thousands digit of 418431?
1
What is the tens digit of 494322?
2
What is the tens digit of 345017?
1
What is the hundreds digit of 412831?
8
What is the hundred thousands digit of 938686?
9
What is the ten thousands digit of 811419?
1
What is the ten thousands digit of 120602?
2
What is the hundreds digit of 1434759?
7
What is the hundred thousands digit of 2641714?
6
What is the hundreds digit of 2517728?
7
What is the millions digit of 1609062?
1
What is the ten thousands digit of 101833?
0
What is the hundred thousands digit of 11048671?
0
What is the hundred thousands digit of 383170?
3
What is the thousands digit of 4322444?
2
What is the ten thousands digit of 4059630?
5
What is the tens digit of 2919?
1
What is the thousands digit of 151867?
1
What is the ten thousands digit of 1459527?
5
What is the ten thousands digit of 737755?
3
What is the tens digit of 15110?
1
What is the mill